4*l**2 + 4. What is the units digit of y(q)?
4
Let b be ((-15)/(-9) + -1)*-3. Let l be 8*(b - -4)/2. Suppose 0 = 5*a - l - 12, 2*r - 4*a + 14 = 0. What is the units digit of r?
1
Suppose 14 = 5*s - 3*a - 1, -2*s = -3*a - 6. Let n be 10/(-4)*1*-2. Suppose 4*v = 2*i, -4*i + 5*i - n = -s*v. What is the units digit of i?
2
Suppose -g + 75 = 2*q, -3*q + g = 2*q - 198. What is the units digit of q?
9
Suppose 0 = 2*a - 5*a + 207. What is the tens digit of a?
6
Let r(d) = -d**2 - 4*d + 5. Let k be r(-5). Let c = -3 - k. Let h = -2 - c. What is the units digit of h?
1
What is the tens digit of (371 - 1 - -4) + 1?
7
What is the tens digit of 146/10 + 6/15?
1
Suppose 4*d - 3*g + 51 = 0, 4*g = -0*g + 20. Let s = -11 + 21. Let p = d + s. What is the units digit of p?
1
Let m(g) = g**3 + 7*g**2 + 2*g + 4. What is the units digit of m(-6)?
8
Suppose 9 = 4*p - p. Suppose -5*z + 11 - 1 = -u, p*z = -u + 14. What is the units digit of z?
3
Let i(q) = 5*q - 14. Let g(b) = -17*b + 35. Let u(s) = -8*s + 17. Let c(o) = 2*g(o) - 5*u(o). Let a(f) = 4*c(f) - 5*i(f). What is the units digit of a(7)?
3
Suppose 2*x + 4*r = 8*r + 46, -126 = -5*x - r. What is the units digit of x?
5
Suppose -14 = -5*d - i, -2*d + 1 + 6 = -i. Let f(m) = 3*m**2 - 4*m. What is the units digit of f(d)?
5
Suppose 8*h - 5*h = 27. Suppose -3 = 2*o - 3*y + h, -3*o + 3*y - 12 = 0. What is the units digit of 2 + (o - 1) - -5?
6
Let m = -11 + 13. Suppose 2*v + 151 = 3*b + m*b, -2*v = b - 35. What is the tens digit of b?
3
Suppose -4*m + 190 = m + 5*f, 4*f - 53 = -m. What is the units digit of m?
3
Let u(m) = 9*m - 16. What is the units digit of u(8)?
6
Let b(f) = f**2 - 15*f + 2. What is the units digit of b(17)?
6
Suppose -264 = -3*h - 48. What is the units digit of 104/18 + 16/h?
6
Let p = 10 + -16. Let g(y) = -5*y - 8 + 0*y + 3*y. What is the units digit of g(p)?
4
Let u(f) = -45*f. Suppose -q = -a + 4*a + 1, -4*q - 3*a = 4. Let t be u(q). What is the tens digit of 10/t - 97/(-9)?
1
Let h be ((-14)/8)/((-12)/96). Let o(j) = 23*j**3 + j. Let k be o(1). Let b = k - h. What is the units digit of b?
0
Suppose 4*u - 9 = 3. Let y be 1 + 0 + u + -2. Suppose -y*w + 4*w - 22 = 0. What is the units digit of w?
1
Let m(j) = 0*j**3 + j**3 - 6*j + 5 + j - 4*j**2. Let o be m(5). Suppose -3*h + o = -2*h. What is the units digit of h?
5
Let o(b) = -b**2 + 4. Let a be o(3). Let f be 3*-1 - 20/a. Suppose -5*q + 34 = -f. What is the units digit of q?
7
Suppose 3*b = 0, -5*k + 9 = -5*b + 34. Let p = 10 + k. Suppose -y + p*j - 8 = 0, -3*y + 4*y - 3*j = -4. What is the units digit of y?
2
Suppose 5*s + 6*t = t - 35, 5*s + 27 = -t. Let m = s + 7. Suppose w + 2*o = -m + 3, o + 24 = 3*w. What is the units digit of w?
7
Let o be ((-3)/(-12)*0)/2. Suppose -w = 4*k - 2*k - 21, o = -2*w - 2*k + 50. What is the units digit of w?
9
What is the units digit of (-6 - 8)/((-1)/2)?
8
What is the tens digit of ((-9)/(-2))/(1/14) + -1?
6
Suppose 5*j = -3*w + 377, 2*w - 5*j - 139 = 104. Suppose y + 3*y = w. Suppose 0 = -3*r + 5*v - 4*v + y, 2*r - 34 = -2*v. What is the tens digit of r?
1
Let m(n) be the third derivative of n**5/12 + n**4/12 - n**3/6 - n**2. What is the units digit of m(1)?
6
Let d(q) = 0 + 0 + 1 - 8*q - 10 - q**2. Let n = -12 + 6. What is the units digit of d(n)?
3
Let f(i) = i**3 + 4*i**2 - i - 4. Let k be f(-4). Let u be 3/6*k/(-1). Let a(r) = r + 9. What is the units digit of a(u)?
9
Let x be (147/(-12))/((-2)/8). Suppose 4*k - 15 = x. What is the units digit of k?
6
Let s(d) = -2 + 3 - 2. Let q(p) = -p - 1. Let k(z) = -2*q(z) + 6*s(z). What is the units digit of k(4)?
4
Let m = -2 - -2. Suppose m = -q + 2*q - 9. What is the units digit of q?
9
Let y(k) = -k**3 - 23*k**2 - 45*k - 29. What is the tens digit of y(-21)?
3
Suppose 6*x - 4*x = -6. What is the tens digit of 5/(5/x) - -13?
1
Let j be 9/(-5)*(-1 - 4). Suppose -27 + j = -3*m. What is the units digit of m?
6
Suppose 7*p = -183 + 1275. What is the units digit of p?
6
Let o = 107 - 45. What is the units digit of o?
2
Suppose -5*a = -16*a + 1947. What is the hundreds digit of a?
1
Let w = 3 + -3. Let y(b) = b + 3. What is the units digit of y(w)?
3
Let l = 21 - 13. Let k(c) = c**2 - 9*c + 12. Let w be k(l). Suppose 5*h = w*o - 56, -h - 38 = -2*o + 4*h. What is the units digit of o?
9
Suppose 0 = 2*p + p + 3*z - 72, -4*z - 88 = -4*p. What is the units digit of p?
3
Suppose 285 = 5*w - 5*k, -3*w + 2*k = -133 - 38. What is the tens digit of w?
5
Let i(s) = 3*s + 19. What is the units digit of i(5)?
4
Let a = -55 - -110. What is the units digit of a?
5
Let b = 50 + -18. Suppose 10 = -5*r, 5*r - 3*r + b = 4*n. What is the units digit of n?
7
Let b be (2/4)/((-5)/60). Let m = b - -7. What is the units digit of m?
1
Let a = 62 - -2. What is the units digit of a?
4
Suppose -2*w - 235 = 3*w. Let s = w + 87. Suppose s = 5*x - 5*j, -x - 3*x = -2*j - 22. What is the units digit of x?
3
Let q be 2/(3*4/90). Let c(g) = -g**3 + 4*g + 3. Let s be c(-2). Suppose -4*u = r + q, 3*u = -s*r + 2*u - 1. What is the units digit of r?
1
Suppose -b + d + 2 = -0*d, 4*b = -3*d + 1. What is the units digit of b?
1
Let s(n) = n**3 + 5*n**2 - 2*n + 1. Let k be s(-6). What is the units digit of (-11 + -1)/(-4) - k?
6
Suppose -4*g - 5*r = -18, 2*g = 5*r - 7 + 1. Suppose -3*l + 19 = -4*i, -g*l + 3*i + 0*i + 12 = 0. What is the units digit of l?
9
Let t(j) = j**2 - 5*j + 1. Let x be t(6). Suppose 2*r + 2*p - x*p - 63 = 0, 3*r - 4*p = 84. What is the tens digit of r?
2
Let o be (-1 - -1)/((-6)/(-3)). Suppose o = x - 4*x + 24. What is the units digit of x?
8
Let c(t) be the third derivative of -t**6/120 + 7*t**5/60 - 7*t**4/24 + 2*t**3/3 + 2*t**2. What is the tens digit of c(5)?
1
Let t(h) = -140*h - 1 + 136*h + 0. What is the tens digit of t(-3)?
1
What is the units digit of 16/4 - 1926/(-6)?
5
Let a = -96 + 146. What is the units digit of a?
0
Let c = -119 - -53. Let x be (-1)/2 + c/(-12). Let v(k) = k**2 - 4*k - 2. What is the units digit of v(x)?
3
Let y(j) = -j - 1. Let w be y(-5). Let d(u) = 2*u - 7. Let b be d(5). Suppose w*h = 16, -b*k + k + h = -2. What is the units digit of k?
3
Let q(f) = 0 - 1 + 2*f**2 + 0. Let o be q(-2). Suppose -2*n + 1 = 2*z - o, 11 = -4*z + 5*n. What is the units digit of z?
1
Suppose -a = c + 5, -3*c - 7 = -c + a. What is the tens digit of (29/c)/((-1)/2)?
2
Suppose 14 = -j - q - 3*q, 2*j - 2*q = 12. Suppose 3*x = -j - 16. What is the units digit of 15/x*(-8)/10?
2
Let g be 99/(-2)*12/(-9). Suppose 5*j - 8*j = -g. What is the units digit of j?
2
Let m be ((-8)/(-10))/((-5)/325). Let s = -31 - m. What is the units digit of s?
1
Let r = 477 + -244. What is the units digit of r?
3
Let g = -8 - -2. Let a = 12 - 22. Let f = g - a. What is the units digit of f?
4
Suppose 82 = 5*y - 2*g, -3*y = -g + 12 - 61. Suppose q + q - y = 0. Let h = q - 2. What is the units digit of h?
6
Let l(u) be the second derivative of -u**4/12 - 7*u**3/6 - 10*u. Let r be -3*2*1 + 1. What is the units digit of l(r)?
0
Let x be (0 + -2 - -2) + 14. Suppose 2*z + x = -0. Let d(p) = -p**3 - 8*p**2 - 7*p + 3. What is the units digit of d(z)?
3
Let j(i) = -i - 1 - 5*i + 4*i. What is the units digit of j(-1)?
1
Let o be 6 + 4 + 2 + -2. Suppose 5*b + o - 85 = 0. What is the tens digit of b?
1
Let n(s) = -1 - s + 2 - 4. Let m be n(-3). Let c = 1 + m. What is the units digit of c?
1
Let c(i) = -i**3 + 8*i**2 + 11*i + 1. What is the units digit of c(9)?
9
Suppose 2*q + 2*r - 4 = -2*q, -4*q + 24 = -3*r. Suppose -4*d = q*w - 96, w + 4*w + 3*d = 149. What is the tens digit of w?
2
Suppose -t = -5*t + 108. What is the units digit of t?
7
Suppose -3*q + 106 = 10. Let b be (q/4)/(2/3). Let p = b + -6. What is the units digit of p?
6
What is the units digit of 0 + 48 - (-3 - (0 - 0))?
1
Let q(p) be the third derivative of -3*p**4/8 - p**3/6 - 19*p**2. Let r = -4 + 2. What is the units digit of q(r)?
7
Let u = 167 - 111. What is the tens digit of u?
5
Let a be 0 - ((1 - -2) + -1). What is the units digit of 21 + a + 0 + 0?
9
Let l = 3 + 2. Suppose -5*j + 115 = -l*k, -2*j + 2*k - 80 = -7*j. What is the units digit of j?
8
Let d be (-32)/(-3) - 8/12. What is the tens digit of 21/(-2)*(-20)/d?
2
Let y(a) = -a**2 - 5*a + 10. Let l be y(-6). Suppose -102 = -l*c + c. What is the tens digit of c?
3
Let m(b) = b. Le